{"id":3011,"date":"2014-11-03T09:45:58","date_gmt":"2014-11-03T08:45:58","guid":{"rendered":"https:\/\/les-terrains-du-lac.com\/ltdl\/?page_id=3011"},"modified":"2023-04-02T15:21:48","modified_gmt":"2023-04-02T13:21:48","slug":"acheter-pour-la-1ere-fois","status":"publish","type":"page","link":"https:\/\/les-terrains-du-lac.com\/ltdl\/pourquoi-investir\/acheter-pour-la-1ere-fois\/","title":{"rendered":"Acheter pour la 1ere fois"},"content":{"rendered":"<section class=\"l-section wpb_row height_medium\"><div class=\"l-section-h i-cf\"><div class=\"g-cols vc_row via_flex valign_top type_default stacking_default\"><div class=\"vc_col-sm-12 wpb_column vc_column_container\"><div class=\"vc_column-inner\"><div class=\"wpb_wrapper\"><h1 class=\"w-text\"><span class=\"w-text-h\"><span class=\"w-text-value\">Acheter pour la 1\u00e8re fois<\/span><\/span><\/h1><div class=\"w-separator size_small\"><\/div><div class=\"wpb_text_column\"><div class=\"wpb_wrapper\"><p><span style=\"color: #00ff00;\">Le Pr\u00eat \u00e0 Taux Z\u00e9ro (P.T.Z) est un pr\u00eat dont les int\u00e9r\u00eats sont pris en charge par l\u2019\u00c9tat, sans frais de dossier, pour l\u2019achat d\u2019une premi\u00e8re r\u00e9sidence principale (r\u00e9serv\u00e9 aux personnes n\u2019ayant pas \u00e9t\u00e9 propri\u00e9taires de leur r\u00e9sidence principale depuis au moins deux ans).<\/span><\/p>\n<\/div><\/div><div class=\"w-separator size_small\"><\/div><div class=\"wpb_text_column\"><div class=\"wpb_wrapper\"><p>Le montant du pr\u00eat et les conditions\u00a0de remboursement qui vous sont accord\u00e9es prennent en compte votre niveau de revenu, la taille de votre famille, la localisation g\u00e9ographique de votre future habitation, son type (neuf ou ancien) et sa performance \u00e9nerg\u00e9tique.<\/p>\n<p>Ce logement doit \u00eatre neuf, mais peut cependant \u00eatre ancien \u00e0 condition qu\u2019il soit vendu par un bailleur social \u00e0 ses occupants. Le PTZ+ compl\u00e8te d\u2019autres pr\u00eats et ne peut pas financer plus de la moiti\u00e9 de l\u2019achat du logement. Il ne peut y avoir qu\u2019une seule demande de PTZ+ par m\u00e9nage.<\/p>\n<p>A partir du 01\/10\/2014, les agglom\u00e9rations de plus de 50.000 habitants, et les plafonds de revenus ont \u00e9t\u00e9 revus \u00e0 la hausse.<\/p>\n<p>&nbsp;<\/p>\n<p>Exemple :<\/p>\n<p>Pour une personne seule celui-ci passe\u00a0 de 20.000 \u00e0 24.000 \u20ac. Elle devra d\u00e9sormais avoir un revenu annuel maximum de 22.000 euros contre 18.500 \u20ac auparavant.<\/p>\n<p>Pour un couple sans enfant de 28.000 \u00e0 33.600 \u20ac<\/p>\n<p>Pour un couple avec deux enfants de 37.000 \u00e0 44.000 \u20ac<\/p>\n<p>&nbsp;<\/p>\n<p>A noter que les ressources prises en compte pour l\u2019\u00e9ligibilit\u00e9 au PTZ sont les revenus fiscaux de r\u00e9f\u00e9rence de l\u2019ann\u00e9e n-2 de l\u2019ensemble des occupants.<\/p>\n<\/div><\/div><\/div><\/div><\/div><\/div><\/div><\/section>\n","protected":false},"excerpt":{"rendered":"Acheter pour la 1\u00e8re foisLe Pr\u00eat \u00e0 Taux Z\u00e9ro (P.T.Z) est un pr\u00eat dont les int\u00e9r\u00eats sont pris en charge par l\u2019\u00c9tat, sans frais de dossier, pour l\u2019achat d\u2019une premi\u00e8re r\u00e9sidence principale (r\u00e9serv\u00e9 aux personnes n\u2019ayant pas \u00e9t\u00e9 propri\u00e9taires de leur r\u00e9sidence principale depuis au moins deux ans). Le montant du pr\u00eat et les conditions\u00a0de...","protected":false},"author":2,"featured_media":0,"parent":2415,"menu_order":1,"comment_status":"closed","ping_status":"closed","template":"","meta":{"footnotes":""},"class_list":["post-3011","page","type-page","status-publish","hentry"],"aioseo_notices":[],"_links":{"self":[{"href":"https:\/\/les-terrains-du-lac.com\/ltdl\/wp-json\/wp\/v2\/pages\/3011","targetHints":{"allow":["GET"]}}],"collection":[{"href":"https:\/\/les-terrains-du-lac.com\/ltdl\/wp-json\/wp\/v2\/pages"}],"about":[{"href":"https:\/\/les-terrains-du-lac.com\/ltdl\/wp-json\/wp\/v2\/types\/page"}],"author":[{"embeddable":true,"href":"https:\/\/les-terrains-du-lac.com\/ltdl\/wp-json\/wp\/v2\/users\/2"}],"replies":[{"embeddable":true,"href":"https:\/\/les-terrains-du-lac.com\/ltdl\/wp-json\/wp\/v2\/comments?post=3011"}],"version-history":[{"count":22,"href":"https:\/\/les-terrains-du-lac.com\/ltdl\/wp-json\/wp\/v2\/pages\/3011\/revisions"}],"predecessor-version":[{"id":6551,"href":"https:\/\/les-terrains-du-lac.com\/ltdl\/wp-json\/wp\/v2\/pages\/3011\/revisions\/6551"}],"up":[{"embeddable":true,"href":"https:\/\/les-terrains-du-lac.com\/ltdl\/wp-json\/wp\/v2\/pages\/2415"}],"wp:attachment":[{"href":"https:\/\/les-terrains-du-lac.com\/ltdl\/wp-json\/wp\/v2\/media?parent=3011"}],"curies":[{"name":"wp","href":"https:\/\/api.w.org\/{rel}","templated":true}]}}